. What is the remainder when t is divided by 40?
12
Let l = 62 - 61. Suppose 0 = -3*j - 5*f + 54, j - 3*j + 3*f + 17 = 0. Calculate the remainder when 4/(-10) + l + (-234)/(-10) is divided by j.
11
Suppose -385 = -4*k + 13*u - 12*u, 3*u - 203 = -2*k. Calculate the remainder when 306 is divided by k.
15
Let m = -60 - -67. Suppose 72 = m*l + 2. What is the remainder when 37 is divided by l?
7
Suppose -8*m + 380 = -3*m. Suppose 4*i - 108 = -z, 4*i - 5*i - 5*z + 46 = 0. What is the remainder when m is divided by i?
24
Suppose -69 = -2*k - 5*j, 40*k - 71 = 37*k - j. What is the remainder when 39 is divided by k?
17
Let x(a) = 9*a - 42. Let d be x(8). Suppose -15*b - d = -20*b. Suppose -48 = -4*g - 5*s, 2*s = -2*g + s + 30. What is the remainder when g is divided by b?
5
Let r = -33 - -51. Suppose d + 3*i - r = 0, 2*i + 86 = 4*d - 28. Let t = d + -6. Calculate the remainder when 60 is divided by t.
18
Let f be 0 - (2 - 1)/((-1)/93). Let v = 138 - f. What is the remainder when 89 is divided by v?
44
Let o be ((-2)/(-2) - 373)*(-7)/21. Suppose -5*x + 1 = -o. Calculate the remainder when 148 is divided by x.
23
Let m(s) = s**3 - s**2 - 2*s + 4. Let f(w) = w - 8. Let t be f(10). Suppose -11 = -3*y - t. What is the remainder when m(y) is divided by 6?
4
Let l(j) = 4*j + 3. Let u = -17 - -19. Let c be (-126)/(-27)*3/u. What is the remainder when l(c) is divided by 17?
14
Suppose 0 = 9*v + 446 - 1274. Calculate the remainder when v is divided by 92.
0
Let x(j) = j**3 + 12*j**2 - 9*j - 102. Calculate the remainder when x(-6) is divided by 9.
6
What is the remainder when 90/(-225) - 352/(-5) is divided by 36?
34
Calculate the remainder when (1 - -143) + 8/((-48)/(-18)) is divided by 77.
70
Suppose -576 = -17*t + 87. What is the remainder when t is divided by 26?
13
Let o = 8 - -24. What is the remainder when o is divided by 1/4 - 67/(-4)?
15
Let p = 13 - -2. Let m be (-4 - -23)*p + -1. Suppose -164 + 22 = -2*w - 5*b, 4*w - 3*b = m. What is the remainder when w is divided by 24?
23
Suppose -v - 3*r = -2*r + 7, r = 5. Suppose -2*y + 4 = -5*u + 3, 5*u + 25 = 5*y. What is the remainder when (135/v)/((-2)/y) is divided by 12?
9
Suppose 54*j + 146 = 5060. What is the remainder when j is divided by 23?
22
What is the remainder when 123 is divided by (4/(-24))/(11/(-6798))?
20
Suppose -x + 4*z + 59 = -0*x, -266 = -4*x + z. Let s = x - 45. Calculate the remainder when 108 is divided by s.
20
Let m(s) = 11*s + 101. Let p = -15 + 31. Calculate the remainder when m(-4) is divided by p.
9
Suppose -2*l + h = -20, 30 = 4*l - 0*h + 3*h. Calculate the remainder when 30 is divided by 4/(-4 + l/2).
6
Let w(y) be the second derivative of y**4/12 - 5*y**3/2 - 20*y**2 + 14*y. What is the remainder when w(18) is divided by 5?
4
Let n(t) = -18*t - 45. Calculate the remainder when 14 is divided by n(-3).
5
Let o = 18 + -15. Suppose g = -4*u + 31, -3*u + 67 = -g + o*g. Calculate the remainder when g is divided by (-58)/(-3) + 1/(-3).
16
Let s(p) = p**2 + 5*p + 2. Let n be s(-4). What is the remainder when 7*(-3 + (-75)/(-7)) is divided by n/(-2) - (-27)/1?
26
Let u(c) be the first derivative of c**3/3 - 5*c**2/2 - 8*c - 5. Calculate the remainder when (135/12)/((-1)/(-4)) is divided by u(-3).
13
Let x(i) = -i**3 + 15*i**2 + 15*i - 36. Let m be x(16). What is the remainder when (7 - m/(-8))*(252 + 0) is divided by 43?
40
Suppose -2 = 4*p - 6. What is the remainder when 81 is divided by (-2 - 2 - p) + 29?
9
Let s = 45 - 25. Suppose 2*t + 192 = 10*t. Suppose -2*c - 3 = 3*j - 9, 3*c = 3*j + t. What is the remainder when s is divided by c?
2
Suppose 50*b = 28*b + 1716. What is the remainder when 857 is divided by b?
77
Let s be (-8)/28 + (-1031)/(-7). Let z = s + -64. Calculate the remainder when z is divided by 21.
20
Let x(o) = o**3 - 21*o**2 - 9*o + 196. Calculate the remainder when 93 is divided by x(21).
2
Let c(o) = o + 18. Suppose -6*l = -8*l + 58. Calculate the remainder when c(l) is divided by ((-3)/(-2))/((-2)/(-32)).
23
Let q = 698 + -661. Calculate the remainder when 58 is divided by q.
21
Let x(g) = 38*g - 116. Calculate the remainder when 349 is divided by x(6).
13
Let a = 22 - 12. Suppose 0 = a*u - 0*u - 160. What is the remainder when 61 is divided by u?
13
Suppose -44 = -3*q - t + 2*t, 3*q - 40 = 2*t. Suppose 5*h + q = 7*h. Calculate the remainder when 30 is divided by h.
6
Let i = 257 - 208. What is the remainder when i is divided by 26?
23
Let h(b) = -4*b + 65. Let n = -11 + 41. Calculate the remainder when n is divided by h(14).
3
Suppose 2536 = 23*g - 1673. What is the remainder when 379 is divided by g?
13
Let p = 17 + 3. Suppose 3*z = z + 5*y + 2, -30 = 5*z + 5*y. Calculate the remainder when p is divided by (((-1)/z)/1)/((-4)/(-112)).
6
Calculate the remainder when 494 is divided by (-213)/1*4/48*-4.
68
What is the remainder when (3/(-6))/(((-90)/(-1968))/(-15)) is divided by 45?
29
Let h(b) = 2*b**2 - 35*b + 626. Calculate the remainder when h(47) is divided by 54.
51
Let d = 63 + -53. Calculate the remainder when 17 is divided by d.
7
Suppose 6*v = -3*n + 4*v + 222, v - 219 = -3*n. Suppose 0 = 5*z - 4*a - 702, -2*z + 230 = 4*a - 62. Calculate the remainder when z is divided by n.
70
Let b be (351/81)/(2/36). Suppose 6*s - 7*s = 2*j - 66, -s + 2*j + b = 0. Suppose 4*q - 106 = -6. Calculate the remainder when s is divided by q.
22
Suppose 18*r + 3698 = 43388. Calculate the remainder when r is divided by 92.
89
Let v(o) = -2*o + 1. Suppose -253*y + 272*y = 475. Calculate the remainder when y is divided by v(-6).
12
Let s(t) = 154*t - 23. Let x(r) = -51*r + 8. Let o(n) = 6*s(n) + 17*x(n). Let v be o(-1). Let b = -37 - v. Calculate the remainder when b is divided by 6.
4
Suppose -2*i - 7 = s + i, -4*s + i + 11 = 0. Suppose -u = -s*a - 66, -2*u + a = u - 193. What is the remainder when u is divided by 17?
13
Let u be (4/6)/(2/3). Let q(i) = i**2 + i + 1. Let x(p) = p**3 + 2*p + 5. Let j(d) = u*x(d) - 6*q(d). What is the remainder when 57 is divided by j(7)?
17
Let l(n) = -8 - 3*n + 13 - 8. Let m be l(2). Let a = 0 - m. Calculate the remainder when 25 is divided by a.
7
Let c(b) = -b**3 + 22*b**2 - 15*b + 40. What is the remainder when c(19) is divided by 30?
28
Let t be (-10)/(-4)*(-8)/5. Let q = 7 + t. Suppose 3*z - 4*o = 48 + 5, -4*z = -3*o - 59. What is the remainder when z is divided by q?
2
Let m(n) = 16*n + 57. Calculate the remainder when m(2) is divided by 30.
29
Let k(g) = g**2 - 29*g - 96. Calculate the remainder when k(34) is divided by 7.
4
Calculate the remainder when 197 is divided by 1150/(-20)*20/(-25).
13
Suppose 0 = 19*x - 393 - 842. Calculate the remainder when x is divided by 38.
27
Let n(g) = -5*g**3 - 5*g**2 - 8*g - 12. Calculate the remainder when 125 is divided by n(-3).
23
Let t(w) = 2*w + 4. Let h be t(13). Calculate the remainder when 11 is divided by 4/6 - (h/(-9) - 2).
5
Suppose -8 + 28 = 4*d. Suppose -2 = d*m + 8. What is the remainder when (8/(-5))/m*50 is divided by 14?
12
Suppose 13*p = 275 - 106. Calculate the remainder when 1034 is divided by p.
7
Suppose 0 = -0*l + 3*l - 15. Suppose 4*p - 5*m = 90, 0 = 2*p - m - 3*m - 48. Let a = p - 16. What is the remainder when l is divided by a?
1
Let o(w) = -4*w - 7. Let s be o(-6). Suppose b = s + 37. Calculate the remainder when b is divided by (-72)/(-5) - 2/5.
12
Suppose 5*t - 8 - 2 = 0. Suppose -z + 16 = 4*d, -14 = -2*z - 0*z - t*d. Let x(l) = l**2 + 11*l - 5. What is the remainder when x(z) is divided by 28?
27
Let g(i) = -5*i - 1 - i**2 + 3*i + 0*i**2 - 2*i**3. Let v be g(-1). Suppose v*t = -1 + 21. Calculate the remainder when t is divided by 6.
4
Suppose -3*y = -4*b - 132, -5*b - 2*y = -2*b + 99. Let n = b + 53. Suppose -36 = -4*g - 0*g. What is the remainder when n is divided by g?
2
Suppose -10*j - 252 + 1562 = 0. What is the remainder when j is divided by 45?
41
Let v(p) be the first derivative of p**4/2 - p**3/3 - p**2/2 + 4*p + 2. What is the remainder when 24 is divided by v(2)?
10
Let i(v) = v**3 + v. Let w be i(3). Let d = -25 + w. Let j = d + 10. Calculate the remainder when 102 is divided by j.
12
What is the remainder when 369 is divided by -6*(-3 + 6)/(-3)?
3
Suppose 27*q - 434 + 56 = 0. What is the remainder when 23 is divided by q?
9
Let j(z) = z + 6. What is the rema